nds digit of l?
5
Let p(f) = -15*f - 666. What is the tens digit of p(-71)?
9
Suppose 0 = 67*y - 35*y - 89152. What is the hundreds digit of y?
7
Let v(r) = 3*r - 14. Let o be v(4). Let z be 2235/60 + o/8. Let w = 90 + z. What is the tens digit of w?
2
Let c be ((-1920)/(-280))/((-1)/(-833)). Suppose 0 = -8*j + j + c. What is the units digit of j?
6
Suppose -4*g = -50 + 18. Suppose g - 2 = w. Suppose 467 = 5*o - 4*x, 361 = w*o - 2*o + x. What is the units digit of o?
1
Let k(h) = 15*h - 55. Let r be k(10). Let n = r - 93. What is the hundreds digit of (-4425)/(-30) - n/(-4)?
1
Suppose -u - 5 = 0, 2*b + 1764*u = 1768*u + 31232. What is the units digit of b?
6
Let u(k) = 1. Let m(p) = -3*p + 200. Let j(w) = m(w) - u(w). Let n be j(0). Suppose 7 - n = -4*o. What is the tens digit of o?
4
What is the tens digit of 14/(-21) - ((-24)/60 + 1500987/(-45))?
5
Suppose -4*f = -3*j - 53747, 2*j + j = -5*f + 67150. What is the hundreds digit of f?
4
Suppose -859410 = 505*c - 532*c. What is the hundreds digit of c?
8
Let m = 16386 + -11536. What is the units digit of m?
0
Suppose -3*x + 4*v = 3*v - 28, -4*v = -x + 24. Let z(y) = y**2. Let g(o) = 3*o**2 + 11*o - 33. Let d(s) = -g(s) + 6*z(s). What is the tens digit of d(x)?
3
Let h(n) = -73*n - 12. Let i be h(5). What is the hundreds digit of ((-90)/1)/(58/i)?
5
Let q = 65 - 48. Suppose -q*s + 13*s = 0. Suppose s = -2*i + 9*i - 826. What is the tens digit of i?
1
Let z be (-178)/6*(-8)/(8/21). Suppose z*p + 4160 = 627*p. What is the tens digit of p?
4
Suppose 0 = 141*v - 40*v - 739724. What is the hundreds digit of v?
3
Let k be (-412)/3*(-6)/4. Suppose 0 = 30*j - 286 - 44. Suppose -j*d + 311 = -k. What is the units digit of d?
7
Let c = -9910 + 12980. What is the hundreds digit of c?
0
Let z = 957 + -161. Suppose z = -5*h + 11226. What is the tens digit of h?
8
Let l(f) = -32954*f - 1883. What is the ten thousands digit of l(-2)?
6
Suppose -w = 3*h - 107, 5*h + 23 = w + 204. Let k be h/(-162) + (-313)/9. Let u = 10 - k. What is the units digit of u?
5
Suppose -26017 = -2*r - 5*t, -5*t = 3*r + 23866 - 62884. What is the ten thousands digit of r?
1
Let t(f) = 243*f**3 - 13*f**2 - 8*f - 2. Let w(l) = -122*l**3 + 7*l**2 + 5*l + 1. Let n(o) = 6*t(o) + 11*w(o). What is the hundreds digit of n(2)?
9
Let o(k) = 521*k**2 - 41*k - 549. What is the units digit of o(-12)?
7
Let d(l) = 125*l**2 + 1025*l - 15529. What is the hundreds digit of d(15)?
9
Let s(o) = -2*o + 3. Let t be s(0). Let i be 4 - (t - (-3 - -34)). Let d = i + -10. What is the tens digit of d?
2
Let z(p) = -10967*p + 79. Let d be z(-4). What is the units digit of ((-4)/(-12))/(19/d)?
1
Suppose 2*y = -0*y - 3450. Let r be 2/10 + (-992)/160. What is the units digit of y/(-20) + r/(-8)?
7
Let k = -193 - -221. Suppose -1116 = -k*p + 13780. What is the units digit of p?
2
Let b(i) = -i**3 - i**2 - i - 17. Let p be b(0). Let l(a) = a**2 + 5*a - 35. What is the tens digit of l(p)?
6
Suppose 2*c + 14 = 58. Suppose -r - c - 107 = 0. Let i = -52 - r. What is the tens digit of i?
7
Let h(f) = 0*f**2 + 5*f**2 - f - 12*f - 14 - 27. Let o be h(12). Suppose -7*z + 3*z = -4*x + 708, 0 = -3*x + z + o. What is the hundreds digit of x?
1
Let a(z) = 19*z**3. Let k be (-24)/18*3/2. Let h be a(k). Let u = h + 264. What is the units digit of u?
2
Suppose 26*c - 316355 = -131*c. What is the hundreds digit of c?
0
Let c be (-1 - 1)*-160 - -4. Suppose -934 - c = -2*d + 2*l, -2*l = -5*d + 3130. Suppose o - 144 = 5*h, d = 4*o - 0*h + 4*h. What is the units digit of o?
4
Suppose 4*k - 12656 = -6*b + 10*b, -k + 3174 = 4*b. What is the hundreds digit of k?
1
Let g(x) = x**2 - 34*x + 68. Let m be g(32). Suppose 1 = -a + 4, 4*i = -m*a + 1028. What is the tens digit of i?
5
Suppose -318*g - 18*g = -67*g - 24148668. What is the thousands digit of g?
9
Let a(t) = -t**3 + 11*t**2 + 16*t - 14. Let r(l) = -l - 1. Let n = 72 - 84. Let z be r(n). What is the units digit of a(z)?
2
Suppose -4*c + 5*x + 179729 = 0, 118*c + 2*x = 122*c - 179702. What is the thousands digit of c?
4
Suppose -11*a = 20*a - 155. Let j(d) = d - 4. Let u be j(8). Suppose u*n - 36 = -3*i, a*n - 45 - 19 = i. What is the units digit of n?
2
Suppose 0 = 15*t - 43 - 32. Suppose -3*a + t*k + 809 = 6*k, 4*k = 3*a - 814. What is the units digit of a?
0
Let z(f) = -6*f**3 + 44 + f**3 - 47*f + 27*f**2 + 3*f**3 - 8 + 63*f**2. What is the thousands digit of z(44)?
1
Suppose 2*u - 4*u + 1601 = -3*k, -u = 4*k - 817. What is the hundreds digit of 35 + -35 + 0 + u - 2?
8
Let z = 301 - 297. Suppose 12*r = z*r + 952. What is the hundreds digit of r?
1
Let b(r) = -1958*r + 1998. What is the hundreds digit of b(-3)?
8
Let w(c) = 1235*c**3 + 6*c**2 - 19*c + 17. What is the hundreds digit of w(2)?
8
Let p = 2267 + 57. Let x = 3701 - p. What is the thousands digit of x?
1
Suppose -p = -338*f + 339*f - 48690, 3*p - f = 146082. What is the ten thousands digit of p?
4
Let u(x) = 35*x - 176. Let w be u(5). What is the tens digit of w/(4/(-514))*54/9?
7
Suppose -2*d + 329 + 475 = 0. Suppose b - 2*h = 252, 4*b - 8*h - 986 = -11*h. Let q = d - b. What is the units digit of q?
4
Suppose 4*g = 5*i - 1516, 2*g - 137 - 455 = -2*i. Suppose 0 = -3*f + 2*f + 7. Suppose f*b - i = 2*b. What is the tens digit of b?
6
Suppose 4*m = -109 + 121. Let x(q) = q**2 - 3*q - 4. Let l be x(4). Suppose 165 = i - 5*c + 36, m*i + c - 403 = l. What is the hundreds digit of i?
1
Let r = 16 + 132. Let s = r - -68. What is the hundreds digit of s?
2
What is the ten thousands digit of (1 + 9 + -9 + -25172)/(-1)?
2
Let y = 40196 + -16303. What is the thousands digit of y?
3
Suppose -4 = -4*f + 2*f. Suppose 0 = -3*a + f*a + 3. Suppose -2*s + 4*s - 63 = a*w, -5*s - w + 183 = 0. What is the tens digit of s?
3
Let j(x) = x**2 + 4*x - 12. Let f be j(-7). Let v be (-12)/f + 2 + (-3484)/(-12). Let b = v + -143. What is the units digit of b?
8
Let l = -850 - -29431. What is the thousands digit of l?
8
Suppose -2*q = -k + q + 17, -15 = 3*q. Suppose k*y - v = -0*y + 80, 3*y + 2*v = 113. Suppose 6 = 5*m - y. What is the units digit of m?
9
Suppose -24717 = -y + 20059 - 8216. What is the thousands digit of y?
6
Let q(o) = -7*o**3 + 4*o**2 + 2*o + 1. Let s be q(-4). Let c be (-4)/10 + 2716/140. Suppose -14*y + c*y - s = 0. What is the units digit of y?
1
Suppose -3*r + 3*d + 41703 = 0, 643*r + 5*d = 641*r + 27781. What is the hundreds digit of r?
8
Suppose -153*f + 155*f = 4*p - 147932, -12 = 2*f. What is the tens digit of p?
8
Suppose -431*n + 1657152 = -180*n - 195*n. What is the tens digit of n?
9
What is the hundreds digit of (-1 - 13/(-15) - 3917235/(-1575))/1?
4
Let o(v) = v**3 + 4*v**2 - v - 1. Let r be o(-4). Suppose -3*t = -r*p - 465, 2 = p - 3. What is the units digit of t?
0
Let z(p) be the first derivative of 2*p**2 + 20*p - 12. Let u be z(6). Suppose 0 = 2*n - u - 30. What is the tens digit of n?
3
Let k(z) = -3*z**2 + 2*z + 3. Let d be k(-2). Let j be 1 + -1 + -2 + (d - -6). What is the hundreds digit of (-1011)/j - (-1)/(-3)?
1
Let p = 145 - 145. Suppose -3*o = -3*w - 8*o + 6205, p = -5*w - 4*o + 10320. What is the hundreds digit of w?
0
Let s = 8 - 5. Suppose q + 8*o + 413 = 4*o, 3 = s*o. What is the tens digit of q*(-3)/18*2?
3
Let n(j) = 5*j. Let g = -4 - -5. Let c be n(g). What is the tens digit of -2 - (-3 + -224 + c)?
2
Suppose 2*u + 0*u - w = 7, 3*u + 3 = -3*w. Suppose 5 = -u*j - 3*v + 4, -4*j - 23 = -v. What is the units digit of j + 1 - -1*36?
2
Suppose 1149*v = 1091*v + 2372142. What is the thousands digit of v?
0
Let c(x) = 172*x**2 + 234*x + 86. What is the thousands digit of c(-10)?
4
Let k(j) be the third derivative of -j**4/12 + 16*j**3/3 - 6*j**2. Let i be k(5). Suppose -224 - i = -2*x. What is the hundreds digit of x?
1
Let q(d) = -112*d + 62. Let k = -94 - -91. What is the units digit of q(k)?
8
Suppose 5*s = -646*p + 644*p + 93337, s = -4*p + 18671. What is the hundreds digit of s?
6
Suppose 394*o - 2667365 = 789197. What is the thousands digit of o?
8
Let t(n) = -28*n - 39. Let l(s) = -27*s - 40. Let q(x) = 6*l(x) - 5*t(x). Let f be q(7). Let i = 45 - f. What is the tens digit of i?
4
Let n(m) = 78*m + 737. What is the tens digit of n(47)?
0
What is the units digit of ((-54408)/15)/(48/(-120))?
8
Suppose -48*o = -53*o - 4*c + 5875, -4*c - 3557 = -3*